461366127 a composite number?
False
Is 4582426647 composite?
True
Is 60182427479 composite?
True
Is 272069587 a composite number?
False
Is 60006299 a composite number?
False
Is 15349574803 a composite number?
True
Is 767264065 prime?
False
Is 145808541399 a composite number?
True
Is 2827243257 a composite number?
True
Is 6841923953 a composite number?
False
Is 2090956129 composite?
False
Is 31493412103 prime?
True
Is 3106929383 prime?
False
Is 3970216199 composite?
False
Is 27444121109 a composite number?
False
Is 11047466119 composite?
False
Is 253169299 a composite number?
False
Is 7770447479 a prime number?
False
Is 1331226733 a prime number?
True
Is 16495219729 a composite number?
False
Is 4208030843 prime?
False
Is 313826774 a composite number?
True
Is 8199647243 a prime number?
False
Is 439555211 a composite number?
False
Is 2023716533 composite?
True
Is 1527334789 a prime number?
False
Is 762780899 prime?
True
Is 28376342009 a composite number?
True
Is 3168810013 a prime number?
False
Is 2213497411 prime?
False
Is 665784997 a composite number?
True
Is 37747064885 a prime number?
False
Is 2550903335 a composite number?
True
Is 1630764983 prime?
True
Is 1842105697 a composite number?
True
Is 109659986 a composite number?
True
Is 708864751 a prime number?
False
Is 603256387 a composite number?
False
Is 8130660257 prime?
False
Is 1929411229 a composite number?
False
Is 2563423007 a prime number?
False
Is 6317676517 composite?
True
Is 13909847293 a prime number?
True
Is 807710903 a prime number?
True
Is 4154005757 a composite number?
True
Is 23164368361 prime?
True
Is 3184843351 a composite number?
False
Is 2628110749 prime?
False
Is 15131671363 prime?
True
Is 195559349 prime?
True
Is 11816595643 a prime number?
False
Is 20984695607 prime?
False
Is 12229375189 composite?
True
Is 485158381 composite?
True
Is 148619467 a prime number?
False
Is 30492725785 a prime number?
False
Is 2649333917 prime?
True
Is 6130972277 prime?
False
Is 476898967 prime?
False
Is 2461090407 a prime number?
False
Is 53333261 a prime number?
True
Is 20167514923 a composite number?
True
Is 2318137873 composite?
False
Is 426904351 prime?
True
Is 1320534689 a prime number?
True
Is 2174457965 composite?
True
Is 2229618553 a composite number?
False
Is 1486614379 prime?
False
Is 231980981 a composite number?
True
Is 14223145369 composite?
False
Is 16335628313 composite?
True
Is 64561445677 prime?
True
Is 429112927 a composite number?
False
Is 120526247641 composite?
True
Is 2403329363 a composite number?
True
Is 727558043 a prime number?
True
Is 106620714059 a composite number?
True
Is 640663883 a composite number?
False
Is 87451425503 a composite number?
True
Is 97120312067 composite?
False
Is 5861122007 prime?
False
Is 134311610009 composite?
True
Is 1965746114 a prime number?
False
Is 6085994921 a prime number?
True
Is 53666275391 composite?
False
Is 1192824673 a composite number?
False
Is 117945679589 a composite number?
False
Is 251878743569 a prime number?
False
Is 1389211297 a prime number?
False
Is 257631571 composite?
False
Is 23161087 composite?
True
Is 252052503 composite?
True
Is 381975419 composite?
True
Is 502279499 composite?
False
Is 7202467531 prime?
False
Is 35259883877 prime?
False
Is 4375693339 prime?
True
Is 8058419353 prime?
False
Is 2508162491 a prime number?
True
Is 663775669 composite?
False
Is 19851448927 a composite number?
False
Is 4791300953 prime?
True
Is 10743434237 prime?
True
Is 26392655651 composite?
True
Is 249360452813 a prime number?
True
Is 155192383 composite?
False
Is 3074975489 a prime number?
False
Is 433740913 prime?
False
Is 5555942167 a prime number?
True
Is 22116357161 a prime number?
False
Is 3385986251 composite?
False
Is 7525209649 composite?
False
Is 44397612599 a prime number?
False
Is 76103197 a prime number?
False
Is 9180593347 composite?
False
Is 5426440087 prime?
True
Is 374821519 a composite number?
True
Is 179595448249 composite?
True
Is 59681348407 a composite number?
True
Is 70668609743 composite?
True
Is 70213266209 composite?
False
Is 6824035103 a composite number?
True
Is 47032211 a prime number?
True
Is 16981787 composite?
False
Is 4290440477 prime?
False
Is 107423553 a prime number?
False
Is 108735858787 prime?
True
Is 3167042111 prime?
True
Is 24552420703 a composite number?
True
Is 73969901 a prime number?
False
Is 438755483 prime?
False
Is 1076108819 a composite number?
False
Is 8320841993 prime?
False
Is 56484706351 prime?
True
Is 38426671177 a prime number?
True
Is 2481001154 a composite number?
True
Is 7087215077 a prime number?
True
Is 5455268279 composite?
False
Is 15428857271 prime?
True
Is 84847277 a composite number?
False
Is 2037232849 a composite number?
True
Is 131397868363 a prime number?
True
Is 2382396483 composite?
True
Is 143715377 a prime number?
False
Is 31418075851 a composite number?
False
Is 4451926063 a composite number?
True
Is 59328739651 composite?
False
Is 5903254163 prime?
True
Is 1323748417 prime?
False
Is 10594043841 a composite number?
True
Is 14068553429 a prime number?
False
Is 64382561 a composite number?
False
Is 3276739333 a prime number?
False
Is 318208307 prime?
True
Is 38263009 prime?
False
Is 36856905787 composite?
True
Is 28033611506 prime?
False
Is 275388836869 a prime number?
False
Is 60017654 composite?
True
Is 2146370803 composite?
True
Is 2505043027 a composite number?
False
Is 8463909997 a composite number?
True
Is 253336327 a prime number?
True
Is 2827520717 prime?
False
Is 48641095273 prime?
False
Is 70208943905 composite?
True
Is 18885187043 a composite number?
False
Is 13986777631 a prime number?
True
Is 123496339 a prime number?
True
Is 9784429042 composite?
True
Is 1864151719 composite?
False
Is 37460851121 a prime number?
True
Is 1113669607 composite?
True
Is 23175211 a prime number?
True
Is 143134687 composite?
False
Is 5889674949 a prime number?
False
Is 32184338177 a composite number?
False
Is 162976211 a composite number?
False
Is 674383493 prime?
False
Is 61338903011 a composite number?
False
Is 14944720783 composite?
False
Is 51985868743 prime?
False
Is 8223236941 a prime number?
False
Is 24816626 prime?
False
Is 7545313102 a composite number?
True
Is 1945333349 a composite number?
True
Is 2311198619 a prime number?
True
Is 173595349 prime?
True
Is 2340153877 composite?
False
Is 36870334591 prime?
False
Is 35956001167 a composite number?
True
Is 1463063663 a composite number?
False
Is 8762220821 prime?
False
Is 807852107 prime?
False
Is 3001451029 a prime number?
False
Is 515591813 a composite number?
True
Is 2670287219 prime?
True
Is 3474627679 composite?
True
Is 31473158953 a prime number?
True
Is 3757767817 prime?
False
Is 63712823 composite?
False
Is 745578447 prime?
False
Is 15672268991 prime?
True
Is 3674079523 composite?
True
Is 703420997 a prime number?
False
Is 129182219 a prime number?
True
Is 89337169 composite?
True
Is 25798649 prime?
True
Is 29719734511 a prime number?
False
Is 859286503 a composite number?
True
Is 10684954573 prime?
False
Is 227428511 a composite number?
False
Is 98231270063 a prime number?
False
Is 48507164219 prime?
False
Is 54439579 composite?
True
Is 123923444329 a prime number?
False
Is 653851171 a composite number?
True
Is 15389245549 composite?
False
Is 48752460773 a prime number?
False
Is 7692904763 prime?
True
Is 3202165031 a composite number?
True
Is 6814802671 composite?
False
Is 6734284331 a composite number?
False
Is 4252304233 composite?
False
Is 11379848191 a prime number?
True
Is 3332237939 a composite number?
False
Is 1246566211 prime?
False
Is 742464803 a composite number?
False
Is 12327076739 composite?
False
Is 2738861 a prime number?
True
Is 267313697 composite?
True
Is 16818352511 a prime number?
False
Is 28072614489 a composite number?
True
Is 672818561 prime?
True
Is 28052758 composite?
True
Is 7630057189 prime?
True
Is 47543394167 composite?
False
Is 84083381 a prime number?
False
Is 14118352537 prime?
False
Is 874319093 a prime number?
False
Is 741933209 prime?
True
Is 52675246511 prime?
False
Is 5408496557 prime?
True
Is 16819063013 a prime number?
True
Is 567128713 prime?
False
Is 124886141 a prime number?
True
Is 517696877 a composite number?
True
Is 2445304571 prime?
True
Is 1238697623